 20 + 1. Let b = w + -14. Let p = 3877 - 3857. What is the remainder when p is divided by b?
6
Let o = 87 - 44. Suppose -18*r = -r - 2026 - 1595. What is the remainder when r is divided by o?
41
Let l(m) = -6*m. Let j(z) = -z**2 - 12*z - 2. Let u(w) = -3*j(w) + 5*l(w). Calculate the remainder when u(9) is divided by 44.
39
Suppose -21*b + 2290 = 1471. Suppose -3*c + 3*j + 1 = -5, j + 2 = -2*c. Suppose c = -6*w + b + 171. What is the remainder when 102 is divided by w?
32
Let c be 8/(-10)*20/(-8). What is the remainder when (-14)/(140/1005)*c/(-3) is divided by 20?
7
Suppose j - 2*b - 144 + 17 = 0, b = -5*j + 602. What is the remainder when 521 is divided by j?
37
Calculate the remainder when ((-480)/(-320))/(2/324) is divided by 93.
57
Let w be (-8)/(-3)*(-3999)/62. What is the remainder when 78 is divided by (-39)/(-15) + -3 - w/5?
10
Suppose -c + 115 = -5*w + 46, -138 = -2*c + 5*w. Calculate the remainder when 2203 is divided by c.
64
Suppose -135 = 2*l - 113, -76 = 4*q + 24*l. Suppose 2*b - 91 = 3*m, 0*m + 5*m - 99 = -2*b. Calculate the remainder when q is divided by b.
0
Suppose c = 3*c - 520. Suppose 0 = -8*w + 13*w - c. Calculate the remainder when 204 is divided by w.
48
Suppose -43*r - 29*r = -1152. What is the remainder when 4190 is divided by r?
14
Let m be (7 + -11 + (-28)/(-6))*3. Suppose 2*u + 3*d + 1 = -0*d, -5*u = -m*d + 12. Calculate the remainder when (43/u)/(6/(-24)*2) is divided by 11.
10
Let o(l) = -106 - 54 + 24*l - 44. Calculate the remainder when o(10) is divided by 15.
6
Let k(f) = f**3 + 15*f**2 + 15*f + 18. Let b be k(-14). Suppose -5*t - 55 = -4*m, -9*t - 35 = -2*m - b*t. What is the remainder when 30 is divided by m?
0
Suppose -3*v - 657 = -5*w, -2*v = -4*w - v + 527. Calculate the remainder when 179 is divided by w.
47
Let c = 3356 + -2996. What is the remainder when c is divided by 23?
15
Let a = -110 + 101. Let v(k) = -23*k - 66. What is the remainder when v(a) is divided by 36?
33
Suppose -4*f + 145 = w + 4*w, -71 = -2*f - w. Suppose 4*t + 29 = i, -3*i = -t - 98 - 33. Calculate the remainder when i is divided by f.
10
Let k(f) = f**2 + 7*f + 17. Suppose -4 = 3*s + 20. Let w = 687 + -568. Calculate the remainder when w is divided by k(s).
19
Suppose 95 = 3*s - 5*b, 0 = 5*s + 6*b - 4*b - 148. Suppose -s = -n - 6. Suppose -2 - n = -l. Calculate the remainder when 181 is divided by l.
25
Let m(a) = a + 3. Let t be m(-3). Let j be ((-3)/(-2) + t)/(12/16). Let w(d) = 4*d**2 + 4. What is the remainder when 99 is divided by w(j)?
19
Suppose -66*m = -75*m + 162. Suppose 5*t - 4*r - 42 = 0, -2*t + 7*r + 21 = 4*r. What is the remainder when m is divided by t?
0
Calculate the remainder when 1226 - (666/(-66) - (-4)/44) is divided by 304.
20
What is the remainder when 3653 is divided by 15*42/2835 + 187/9?
20
Let a = 375 - 239. Suppose 7*p - 5*w - 55 = 3*p, 0 = p + w - 25. What is the remainder when a is divided by p?
16
Let k = -62 + 77. Suppose -4*a = -b - 212, 2*b - 7 = 4*a - 215. What is the remainder when a is divided by 6/k + (212/20 - 3)?
6
Suppose 67 = -5*j + u - 5, 3*u - 21 = 2*j. Let q be (j/2)/(9/(-60)). Let c = q - 40. Calculate the remainder when c is divided by 2.
0
Suppose 35*k - 5*v = 31*k + 553, v = 4*k - 581. Calculate the remainder when k is divided by 43.
18
Let y(w) = -w**3 - 24*w**2 - 23*w + 32. Let o be y(-23). Let t be ((-2)/6)/((-13)/507). Let f = o - t. Calculate the remainder when f is divided by 10.
9
Suppose 0 = 5*i - 8*i - 27. Let a be (-12)/9 + (-30)/i. Suppose a*k = -5*g + 10, -2*k - k = -3*g - 36. What is the remainder when 28 is divided by k?
8
Suppose -73*l = -78*l + 20. Suppose 61 = -2*r + 4*p + 117, p + 140 = l*r. What is the remainder when 245 is divided by r?
29
Let j(f) = -2*f**3 + 36*f**2 + 47*f - 145. What is the remainder when 1313 is divided by j(19)?
13
Suppose -2*l + x + 548 = 0, -3*l + 296 = -2*l + 5*x. Suppose -89*u - l = -95*u. What is the remainder when 459 is divided by u?
45
Suppose 5*a + 10*s - 815 = 5*s, -3*a + 505 = -5*s. Suppose -m = -6*m + a. Calculate the remainder when m is divided by (-7)/(-14)*3*12.
15
Let s(a) = 5*a - 37. Let k be s(8). Suppose -k*h + 60 = 2*d, 76 = 3*h + h + 4*d. What is the remainder when 25 is divided by h?
3
Let x = -950236 + 950282. Suppose 4*c - 5*g - 581 = 0, 0 = -3*c + 2*c + 3*g + 140. What is the remainder when c is divided by x?
11
Let g = -36 + 32. Let x be ((-13)/g)/((-13)/(-104)). Suppose 21*j = x*j - 130. What is the remainder when j is divided by 8?
2
Let h = 8337 - 8291. Calculate the remainder when h is divided by 6.
4
Let f = -149 + 171. Calculate the remainder when (-1)/((0 + -2)/262) is divided by f/5*(-29 - -34).
21
Let c = -11871 + 12647. What is the remainder when c is divided by 250?
26
Let b(d) = 1387*d - 5521. Suppose -5*m + 20 = 0, 2*h + 0*m - 204 = -2*m. What is the remainder when h is divided by b(4)?
17
Suppose 37*y - 1818 + 560 = 0. Suppose -23*r + 7*r + 3248 = 0. Calculate the remainder when r is divided by y.
33
Suppose -2*q + 0*q = 0. Let y = 2193 - 2157. Calculate the remainder when 102 is divided by 1/(q + -1) + y.
32
Suppose -5*l + s + 227 = -123, -2*l - s + 133 = 0. Let u(x) = x + 56. Let q be u(0). Let c = l - q. What is the remainder when c is divided by 2?
1
Suppose 27*b + 60 = 31*b. Suppose 736*z + 2014 = 755*z. Calculate the remainder when z is divided by b.
1
Suppose -72*b + 64*b = -144. Suppose b*t = 24*t - 24. Calculate the remainder when 34 is divided by t.
2
Suppose 25 = 4*z + 25. Suppose 4*y + 11 - 75 = z. Calculate the remainder when 172 is divided by y.
12
Let l = 112 + 50. Let m(c) = 3*c**2 - 7*c - 7. Suppose 4*r - 5*p - 25 = r, -3*p = 3*r - 9. Calculate the remainder when l is divided by m(r).
30
What is the remainder when 9442 is divided by (15142/(-1582))/((-2)/14)?
62
Suppose 323 = -n + 395. Calculate the remainder when 538 is divided by 2680/n + (-2)/9 + -1.
34
Let l = -629 + 1978. Suppose -q = -5*z + l, -536 = -13*z + 11*z + 4*q. What is the remainder when z is divided by 55?
50
Let f = -101 - -54. Let i = 115 + f. Calculate the remainder when i is divided by 23.
22
Calculate the remainder when 10138 is divided by (-2*(-33)/(-77))/((-2)/126) - 2.
50
Let s be ((-32)/20)/((-8)/420). Let i = s - 72. Let d = i + -1. What is the remainder when 87 is divided by d?
10
Let y(w) be the first derivative of 6*w**2 + 6*w**3 + 1/4*w**4 - 14 - 11*w. Calculate the remainder when y(-17) is divided by 26.
22
Let i = -13 + 23. Let z(h) = 3*h + h**3 + 6 - i*h**2 - 1 + 2*h**2. Calculate the remainder when z(8) is divided by 17.
12
Let a = -17 - -27. Suppose -s - 306 = -a*s. Suppose 11*k - 12*k + s = 0. What is the remainder when k is divided by 9?
7
Let f(p) be the second derivative of 5*p**3/6 + 103*p**2 - 4*p + 9. Calculate the remainder when f(0) is divided by 52.
50
Suppose -3*t + 1260 + 96 = 2*g, 2*t - 872 = 4*g. What is the remainder when 472 is divided by t?
24
Suppose 27*d - 143 = 14*d. Suppose 182 = d*c - 159. What is the remainder when c is divided by 4?
3
Calculate the remainder when 405 is divided by 6/10 + (-1941)/(-15).
15
Let d = 88 + -28. Suppose -11*w = 1807 + 514. Let a = 228 + w. Calculate the remainder when d is divided by a.
9
Suppose -49 + 203 = 2*g. Let v(a) = -27 - 14*a + 4*a - 33. What is the remainder when g is divided by v(-8)?
17
Let t = -3043 - -3096. What is the remainder when t is divided by 25?
3
Let m = 1362 - 1320. Suppose -3*g = -1 - 38. Calculate the remainder when m is divided by g.
3
Let n(h) = 2*h**2 - 104*h - 293. What is the remainder when n(55) is divided by 10?
7
Suppose 4*r = 5*v - 448 + 2, 0 = -3*v - 2*r + 272. Suppose 22*h - 152 - v = 0. What is the remainder when 63 is divided by h?
8
Let t(l) = -4*l. Let u = -121 - -217. Let d = -91 + u. Calculate the remainder when t(-4) is divided by d.
1
Suppose 8*w + 406 = 66*w. What is the remainder when 2063 is divided by w?
5
Let y(n) be the third derivative of -3*n**4/4 + 3*n**3/2 - n**2 + 81. Calculate the remainder when y(-17) is divided by 29.
25
Let c(a) = a**3 - 7*a**2 - a + 38. Let l(f) = -f**3 - 6*f**2 + 11*f + 35. Let o be l(-7). Calculate the remainder when 340 is divided by c(o).
30
Let v = 1087 - 518. Let y = v - 555. Suppose 0 = 6*x - x - 110. Calculate the remainder when x is divided by y.
8
Suppose -209